) = -18*m - 155. Determine p(-30).
385
Let d(m) = -48*m - 2977. Calculate d(-62).
-1
Let m(w) = -5864*w + 52766. Determine m(9).
-10
Let x(s) = 19*s**3 - 9*s**2 + 4. What is x(-2)?
-184
Let z(k) = 125*k**2 + 5*k - 6. What is z(1)?
124
Let f(k) = 46*k - 118. Determine f(6).
158
Let c(y) = -18*y + 335. Calculate c(20).
-25
Let v(s) = -s**3 - 31*s**2 - 37*s - 294. Give v(-30).
-84
Let w(j) = 48*j**2 - 152*j + 42. Calculate w(3).
18
Let i(m) = m**3 - 7*m**2 + 2*m - 26. Calculate i(6).
-50
Let t(z) = 1143*z - 1164. Determine t(1).
-21
Let t(x) = 16*x + 295. Give t(-15).
55
Let i(s) = 78*s**2 - 9*s - 16. Determine i(-2).
314
Let v(o) = o**3 + 40*o**2 + 18*o - 879. Give v(-39).
-60
Let p(w) = -2*w**2 + 354*w - 3083. Give p(9).
-59
Let i(f) = -f**2 - 5*f + 110. Calculate i(-25).
-390
Let o(d) = -2*d**2 + 91*d + 283. Determine o(-3).
-8
Let m(u) = u**3 - 4*u**2 + 19*u - 75. Determine m(4).
1
Let g(v) = v**3 + 4*v**2 - 157*v - 76. Determine g(11).
12
Let y(c) = c**3 + 112*c**2 - 2*c + 45. What is y(-112)?
269
Let h(s) = 68*s - 473. Determine h(6).
-65
Let t(g) = -14*g**2 - 463*g + 11. Determine t(-33).
44
Let t(u) = u - 158. Calculate t(156).
-2
Let f(x) = -4*x**2 - 28*x - 52. What is f(-6)?
-28
Let p(r) = -r**3 - 18*r**2 + 23*r + 110. Give p(-19).
34
Let y(c) = 2*c**3 + 82*c**2 - 76*c + 338. Determine y(-42).
2
Let n(l) = -l**3 + 8*l**2 + 30*l - 229. Calculate n(6).
23
Let p(z) = -365*z + 2626. Give p(6).
436
Let c(n) = -31*n + 28. Calculate c(4).
-96
Let x(h) = 61*h + 22. Determine x(-1).
-39
Let k(x) = 89*x**2 + 721*x + 66. Give k(-8).
-6
Let m(q) = -60*q**2 - 140*q + 17. Give m(-3).
-103
Let y(k) = 6*k - 9. Calculate y(1).
-3
Let v(r) = 6*r**2 - 153*r - 70. Give v(26).
8
Let u(q) = 2*q**2 - 134*q - 869. What is u(73)?
7
Let n(h) = -h**2 + 34*h + 155. What is n(38)?
3
Let q(o) = 23*o**3 + 4*o**2 - 2*o - 4. Give q(-2).
-168
Let r(h) = -h**3 + 4*h**2 + 15*h - 60. What is r(4)?
0
Let o(y) = -33*y + 167. Determine o(12).
-229
Let h(f) = -3*f**3 + 55*f**2 - 136*f - 193. Calculate h(15).
17
Let v(s) = -3*s**3 - 2*s**2 - 5*s + 11. Determine v(3).
-103
Let f(l) = -4*l**2 - 48*l - 188. Calculate f(-4).
-60
Let t(j) = -247*j**2 + 2472*j + 11. Determine t(10).
31
Let r(t) = t**3 + 53*t**2 - 229*t - 217. Determine r(-57).
-160
Let m(n) = -31*n**2 + 249*n - 236. Determine m(7).
-12
Let a(s) = 8*s**2 + 361*s - 660. Give a(-47).
45
Let b(l) = 118*l - 1641. Calculate b(14).
11
Let g(o) = 2*o**2 + 320*o + 12148. Give g(-98).
-4
Let i(t) = t**3 + 21*t**2 + 14*t + 526. Calculate i(-21).
232
Let j(g) = -2*g**3 - 7*g**2 - 21*g - 21. What is j(-5)?
159
Let r(l) = 43*l - 1492. What is r(37)?
99
Let f(v) = 2*v**2 - 386*v - 26. Give f(0).
-26
Let a(c) = c**3 + 129*c**2 + 123*c - 636. Give a(-128).
4
Let t(p) = -p**3 + 15*p**2 - 59*p + 394. Calculate t(12).
118
Let o(q) = q**2 - 622*q + 4298. Determine o(7).
-7
Let k(p) = -p**2 - 20*p + 44. Determine k(-24).
-52
Let q(o) = -o**3 - 83*o**2 + 350*o + 188. What is q(-87)?
14
Let p(w) = 25*w - 1571. Calculate p(26).
-921
Let u(t) = -t**3 + 22*t**2 - 9*t - 12. Calculate u(21).
240
Let x(l) = l**3 - 8*l**2 + 219*l - 1477. Give x(7).
7
Let z(a) = -75*a**3 - 11*a**2 + 9*a + 1. Determine z(1).
-76
Let j(w) = -2*w + 81. Calculate j(91).
-101
Let w(b) = 53*b + 4245. Determine w(-80).
5
Let k(m) = m**3 + 7*m**2 - 286*m + 207. Determine k(-21).
39
Let b(m) = 2*m**2 - 54*m - 61. Give b(25).
-161
Let g(z) = 4*z**2 - 30*z + 8. Give g(7).
-6
Let s(c) = 33*c**2 + 303*c - 18. Determine s(-9).
-72
Let m(j) = -j**3 + 9*j**2 + 14*j - 124. What is m(9)?
2
Let u(x) = -11*x**2 - 21*x. Give u(-1).
10
Let l(t) = t + 155. Determine l(8).
163
Let r(s) = -s**3 + 14*s**2 + 31*s + 25. What is r(16)?
9
Let w(y) = 3*y**2 + 117*y - 353. Give w(3).
25
Let g(i) = 19*i**3 - 95*i**2 + 13*i - 69. Give g(5).
-4
Let y(f) = f**2 + 147*f + 5373. Give y(-67).
13
Let b(z) = 26*z**2 - 1076*z - 1798. Give b(43).
8
Let t(v) = 195*v + 6661. Give t(-34).
31
Let f(u) = -2*u**3 - 27*u**2 - 56*u - 11. Determine f(-11).
0
Let h(n) = -381*n - 36973. Determine h(-97).
-16
Let q(c) = -135*c - 3482. What is q(-25)?
-107
Let h(x) = -75*x - 3599. Give h(-44).
-299
Let z(t) = t**3 - 3*t**2 - 8*t - 61. Calculate z(7).
79
Let q(m) = m**3 - 3*m**2 + 15*m - 186. Calculate q(7).
115
Let v(b) = b**3 - 2*b**2 - 58*b + 2. Calculate v(-6).
62
Let m(z) = 88*z**2 - 54*z + 146. Determine m(2).
390
Let w(g) = -11*g - 258. Calculate w(-24).
6
Let u(w) = 3*w**2 - 543*w - 8825. What is u(-15)?
-5
Let g(v) = -3*v**2 + v + 25. What is g(-3)?
-5
Let t(c) = c**3 + 97*c**2 - 727*c + 19. Give t(7).
26
Let t(y) = 2*y**2 - 36*y + 210. Give t(19).
248
Let i(r) = 94*r + 743. Calculate i(-8).
-9
Let i(s) = 201*s**2 - s - 2. Determine i(-1).
200
Let p(y) = -y**2 + 836*y + 5064. Calculate p(-6).
12
Let f(b) = -b**3 - 7*b**2 + 53*b + 377. Calculate f(-7).
6
Let k(t) = -797*t - 5475. Calculate k(-7).
104
Let u(a) = -a**2 - 23*a - 40. Calculate u(-15).
80
Let n(y) = y**3 - 34*y**2 - 71*y + 89. Calculate n(36).
125
Let b(r) = -16*r - 286. What is b(-16)?
-30
Let o(n) = 12*n - 291. What is o(13)?
-135
Let v(p) = -p**3 + 12*p**2 + 44*p + 8. Determine v(-3).
11
Let f(x) = -148*x + 73. Give f(-2).
369
Let f(y) = 11*y**2 - 41*y + 11. What is f(6)?
161
Let h(o) = o**2 - 167*o + 2006. Give h(154).
4
Let z(r) = 10*r - 77. What is z(13)?
53
Let j(y) = 2*y**2 - 75*y + 698. Calculate j(21).
5
Let h(g) = -12*g + 205. What is h(19)?
-23
Let o(c) = c**3 - 8*c**2 + 21*c - 55. Calculate o(6).
-1
Let r(q) = 555*q - 4982. Determine r(9).
13
Let r(n) = -2*n**2 - 253*n - 3247. What is r(-112)?
1
Let b(w) = 81*w + 120. What is b(-6)?
-366
Let m(x) = -x**3 + 46*x**2 + 372*x - 61. What is m(53)?
-8
Let p(a) = -2*a**3 + 70*a**2 + 72*a - 10. Give p(36).
-10
Let p(k) = 34*k + 2802. What is p(-80)?
82
Let o(c) = 4*c**3 - 5*c**2 + 13*c + 17. Calculate o(3).
119
Let p(q) = -314*q - 63436. What is p(-202)?
-8
Let s(u) = 104*u + 33. Determine s(2).
241
Let h(v) = -8*v - 118. What is h(-15)?
2
Let g(w) = -w**2 + 6*w - 16. Give g(2).
-8
Let s(h) = h**3 + 12*h**2 - 27*h - 29. Give s(-12).
295
Let f(u) = -3*u**3 - 5*u**2 - 11*u + 17. Calculate f(2).
-49
Let m(w) = -167*w + 1317. What is m(8)?
-19
Let o(g) = -329*g + 1635. What is o(5)?
-10
Let m(d) = d**2 - 801*d - 8927. Determine m(-11).
5
Let t(k) = -k**3 - 9*k**2 + 68*k - 19. What is t(-14)?
9
Let y(l) = l**3 + 13*l**2 + 26*l - 20. Determine y(-8).
92
Let c(m) = m**2 - 152*m + 1810. Determine c(13).
3
Let x(n) = 38*n**2 - 14*n + 23. Determine x(2).
147
Let o(l) = 2*l**3 + 11*l**2 + 78*l + 297. Give o(-5).
-68
Let a(b) = -2*b**3 - 73*b**2 - 278*b + 316. Calculate a(-32).
-4
Let t(k) = -2*k**3 + 29*k**2 + 77*k + 167. Determine t(17).
31
Let y(v) = -v**3 - 2*v**2 - 16*v + 1. What is y(6)?
-383
Let k(d) = 4*d**2 - 122*d + 901. Calculate k(18).
1
Let b(j) = j**2 - 10*j - 44. Determine b(-3).
-5
Let k(a) = -8*a**3 + 481*a**2 - 66*a - 80. Calculate k(60).
-440
Let g(j) = 39*j - 902. What is g(23)?
-5
Let h(s) = s**3 + 2*s**2 + 269*s + 809. Give h(-3).
-7
Let j(p) = -8*p**2 + 234*p - 52. Determine j(29).
6
Let o(f) = 2*f**2 + 146*f + 1337. Determine o(-11).
-27
Let x(r) = 353*r + 4587. Give x(-13).
-2
Let r(h) = -h**3 - 2*h**2 - 75*h + 4. What is r(0)?
4
Let n(y) = 10*y**3 - 491*y**2 + 51*y - 82. Determine n(49).
16
Let y(p) = 2*p**2 - 98*p + 1136. What is y(18)?
20
Let j(l) = l**2 - 698*l + 2078. What is j(3)?
-7
Let y(i) = 69*i - 582. What is y(8)?
-30
Let f(y) = -y**3 + 11*y**2 + 19*y - 31. Determine f(11).
178
Let l(f) = -f**2 + 120*f - 2722. What is l(34)?
202
Let r(h) = -h**3 + 23*h**2 - 64*h - 648. What is r(17)?
-2
Let d(v) = v**3 + 30*v**2 - 100*v - 30. Determine d(-33).
3
Let z(b) = 24*b + 150. Give z(-14).
-186
Let s(l) = -4*l**2 + 21*l - 11. Determine s(4).
9
Let n(v) = -191*v - 1330. Give n(-7).
7
Let b(g) = -g**2 + 70*g + 336. Determine b(75).
-39
Let m(z) = 275*z + 1932. Calculate m(-7).
7
Let r(g) = g**3 + 37*g**2 + 49*g - 766. Calculate r(-35).
-31
Let z(l) = 6*l**2 + 446*l + 582. Determine z(-73).
-2
Let o(i) = -2*i**3 - 45*i**2 - 60*i + 103. What is o(-21)?
40
Let l(t) = 2*t**2 + 4*t - 23. What is l(-8)?
73
Let k(l) = -82*l**2 + 416*l - 25. Give k(5).
5
Let v(d) = -d**3 - 6*d**2 + 7*d - 181. Give v(-9).
-1
Let t(q) = 35*q + 538. Determine t(-15).
13
Let s(i) = -i**3 + 14*i**2 - 29*i +